 21229 is divided by 588.
61
What is the remainder when 1282980 is divided by 116629?
61
Calculate the remainder when 1659828 is divided by 13945.
373
What is the remainder when 322240798 is divided by 35?
33
What is the remainder when 1384478 is divided by 12102?
4850
Calculate the remainder when 201889 is divided by 18330.
259
What is the remainder when 1139198 is divided by 743?
179
Calculate the remainder when 4731554 is divided by 2365763.
28
What is the remainder when 237608445 is divided by 46?
45
Calculate the remainder when 38066 is divided by 1655.
1
What is the remainder when 319135 is divided by 39867?
199
Calculate the remainder when 42467056 is divided by 1161.
1159
What is the remainder when 6245766 is divided by 475?
466
What is the remainder when 535108407 is divided by 48?
39
Calculate the remainder when 8583926 is divided by 12642.
8
What is the remainder when 137842 is divided by 867?
856
Calculate the remainder when 91236 is divided by 20.
16
What is the remainder when 5572244 is divided by 621?
11
Calculate the remainder when 4046579 is divided by 30.
29
What is the remainder when 4154 is divided by 1313?
215
Calculate the remainder when 1715792 is divided by 44.
12
What is the remainder when 224504 is divided by 7240?
64
What is the remainder when 379374 is divided by 378961?
413
What is the remainder when 72819573 is divided by 1234?
1233
Calculate the remainder when 18079 is divided by 849.
250
Calculate the remainder when 402547 is divided by 7030.
1837
What is the remainder when 3565647 is divided by 177?
159
Calculate the remainder when 1332748 is divided by 2671.
2590
What is the remainder when 155812 is divided by 16451?
7753
Calculate the remainder when 1748783 is divided by 635.
628
What is the remainder when 1430149 is divided by 381?
256
What is the remainder when 8373741 is divided by 2791244?
9
What is the remainder when 555541 is divided by 1792?
21
What is the remainder when 4658 is divided by 1395?
473
What is the remainder when 8614446 is divided by 114859?
21
What is the remainder when 14945652 is divided by 991?
381
What is the remainder when 268875 is divided by 1500?
375
Calculate the remainder when 118605 is divided by 11853.
75
What is the remainder when 3977696 is divided by 16369?
29
What is the remainder when 863360 is divided by 431209?
942
What is the remainder when 77793438 is divided by 23009?
9
What is the remainder when 1132141 is divided by 566054?
33
What is the remainder when 6332824 is divided by 262?
22
What is the remainder when 639050 is divided by 213000?
50
Calculate the remainder when 5742841 is divided by 672.
601
What is the remainder when 2931191 is divided by 200?
191
Calculate the remainder when 9291 is divided by 561.
315
Calculate the remainder when 409861 is divided by 51214.
149
What is the remainder when 71709755 is divided by 7908?
11
Calculate the remainder when 491966 is divided by 44707.
189
Calculate the remainder when 18077160 is divided by 305.
115
Calculate the remainder when 111035 is divided by 48.
11
Calculate the remainder when 8420952 is divided by 52.
20
Calculate the remainder when 314982 is divided by 5526.
0
Calculate the remainder when 175416493 is divided by 13.
5
Calculate the remainder when 10373998 is divided by 32.
14
Calculate the remainder when 12044 is divided by 8347.
3697
Calculate the remainder when 29559 is divided by 24385.
5174
Calculate the remainder when 31740 is divided by 4593.
4182
What is the remainder when 275886 is divided by 497?
51
What is the remainder when 273648 is divided by 4486?
2
Calculate the remainder when 33454315 is divided by 12073.
32
What is the remainder when 116275 is divided by 38578?
541
What is the remainder when 4204391 is divided by 51273?
5
What is the remainder when 356429 is divided by 871?
190
What is the remainder when 904629 is divided by 449392?
5845
Calculate the remainder when 64017 is divided by 63287.
730
What is the remainder when 647399 is divided by 71923?
92
Calculate the remainder when 49801039 is divided by 211.
186
Calculate the remainder when 189301196 is divided by 383.
382
What is the remainder when 15159433 is divided by 5053140?
13
What is the remainder when 57908 is divided by 1038?
818
What is the remainder when 1340230 is divided by 763?
402
Calculate the remainder when 139631024 is divided by 1017.
992
Calculate the remainder when 7582362 is divided by 2258.
2256
What is the remainder when 6882322 is divided by 529409?
5
Calculate the remainder when 199759026 is divided by 9732.
9726
Calculate the remainder when 77467941 is divided by 1416.
1413
What is the remainder when 9409827 is divided by 9409395?
432
What is the remainder when 59548634 is divided by 8506943?
33
What is the remainder when 9619018 is divided by 1333?
90
What is the remainder when 553053 is divided by 2769?
2022
What is the remainder when 912397 is divided by 594?
13
Calculate the remainder when 195159 is divided by 82.
81
What is the remainder when 854947 is divided by 56988?
127
Calculate the remainder when 9187146 is divided by 8758.
4
Calculate the remainder when 15362715 is divided by 1536268.
35
What is the remainder when 2331985 is divided by 101?
97
What is the remainder when 55267 is divided by 26777?
1713
Calculate the remainder when 2586888 is divided by 1077.
1011
What is the remainder when 194250 is divided by 111?
0
What is the remainder when 185320583 is divided by 26?
19
What is the remainder when 1216686 is divided by 1024?
174
Calculate the remainder when 35625883 is divided by 287.
286
What is the remainder when 127478 is divided by 1959?
143
Calculate the remainder when 1132687 is divided by 2221.
2198
Calculate the remainder when 39204755 is divided by 1866892.
23
What is the remainder when 3109749 is divided by 401?
395
Calculate the remainder when 1115573 is divided by 63.
32
What is the remainder when 335865 is divided by 335804?
61
Calculate the remainder when 122717155 is divided by 61358572.
11
Calculate the remainder when 6738738 is divided by 3212.
3174
Calculate the remainder when 136572 is divided by 9569.
2606
What is the remainder when 59367 is divided by 427?
14
Calculate the remainder when 348343 is divided by 49756.
51
What is the remainder when 683248 is divided by 16664?
24
What is the remainder when 1876170 is divided by 4239?
2532
Calculate the remainder when 5461512 is divided by 4079.
3810
Calculate the remainder when 1043948 is divided by 208786.
18
Calculate the remainder when 378873 is divided by 9661.
2094
Calculate the remainder when 4977641 is divided by 457.
454
What is the remainder when 43019261 is divided by 13?
12
What is the remainder when 41849526 is divided by 301?
292
What is the remainder when 1576530 is divided by 2294?
552
What is the remainder when 495742 is divided by 32843?
3097
What is the remainder when 198845 is divided by 3233?
1632
What is the remainder when 8233682 is divided by 68613?
122
Calculate the remainder when 1526169 is divided by 147.
15
What is the remainder when 47577 is divided by 47543?
34
What is the remainder when 1652056 is divided by 18?
16
What is the remainder when 1918018708 is divided by 765?
763
Calculate the remainder when 361749 is divided by 2061.
1074
What is the remainder when 360230 is divided by 170?
0
Calculate the remainder when 2346724 is divided by 46.
34
What is the remainder when 11794 is divided by 751?
529
Calculate the remainder when 335494114 is divided by 108.
106
Calculate the remainder when 2711971 is divided by 796.
795
What is the remainder when 17346881 is divided by 344?
337
Calculate the remainder when 31291 is divided by 1083.
967
What is the remainder when 170048 is divided by 500?
48
Calculate the remainder when 7790469 is divided by 29.
25
Calculate the remainder when 737858 is divided by 2189.
165
What is the remainder when 4957403 is divided by 1737?
5
What is the remainder when 8726 is divided by 1307?
884
Calculate the remainder when 10121919 is divided by 82966.
67
What is the remainder when 2220115 is divided by 1110057?
1
Calculate the remainder when 3088103 is divided by 376.
15
Calculate the remainder when 834516 is divided by 614.
90
Calculate the remainder when 1225962 is divid